uppose -b = -5*t - 290, 698*t - 696*t = b - 275. Is b composite?
True
Suppose -5*b + 3*i = -7*b + 57431, -5*i = -2*b + 57455. Is 2/3 - b/(-48) a composite number?
False
Let r be 6/6 + (-2)/4*6. Let i(s) = -391*s - 13. Is i(r) composite?
False
Let c = 35 + -32. Suppose -4*i + 3*z = c, 4 = -5*i + 2*z + 2*z. Suppose 3*x - l - 155 = i, -2*x - 5*l = -13 - 113. Is x prime?
True
Let n = 40554 + -20683. Let d = -12924 + n. Is d a composite number?
False
Suppose -19*k = -18*k - 14. Let c = k + -22. Is 1*44*((-20)/c + -2) a prime number?
False
Suppose 2*c = p - 6 - 11, 2*c = -p + 13. Let r be -3*5/p - -4. Suppose r*v = 725 - 92. Is v a composite number?
False
Let z = 13670 - -10941. Is z composite?
False
Suppose 4*f - 46510 + 8174 = 0. Let z = f - 5082. Is z a prime number?
False
Let f(b) = 450*b**2 - 18*b + 11. Is f(9) a prime number?
True
Suppose -68790313 = -208*i + 133601799. Is i a prime number?
False
Let q = 60 - 56. Let j(r) = 11*r**3 - 4*r**2 - r + 4. Let o be j(q). Let f = o + -362. Is f composite?
True
Let x = -28945 - -99728. Is x composite?
False
Let a be 10/14 + 2/7. Suppose -8*j - 62 + 30 = 0. Is (1/j)/(a/(-764)) composite?
False
Suppose -3*m = 4*r - 29659, 14*r + 29671 = 18*r - m. Let g = -1224 + r. Is g a prime number?
False
Suppose -5*d = -4*d - 8489. Let j(b) = -3981*b**3 - b**2 + 12*b + 13. Let y be j(-1). Suppose -2*v = g - y, -4*g + d + 7422 = -5*v. Is g composite?
True
Suppose -3*x = -x + 3*d - 2248, -5*d = 2*x - 2240. Let w = x + -573. Is w a prime number?
True
Suppose 1011 - 180011 = -5*m. Suppose -m = -4*b - d, -2*b - 872 + 18790 = -4*d. Is b prime?
True
Let d(m) = -9*m**2 - 3*m + 8. Let c(w) = w**3 + 9*w**2 - 9*w + 14. Let y be c(-10). Let z be d(y). Let r = 343 - z. Is r composite?
False
Let w(g) = -2*g**3 + 19*g**2 + 20*g - 8. Let l = 69 - 78. Is w(l) prime?
False
Let j(h) = 4 + 5341*h - 5324*h + 34*h**2 - h**3 + 15. Is j(32) prime?
False
Let o(s) = 280*s + 181. Let n be o(2). Suppose 1697 = 4*d - 3383. Let f = d - n. Is f prime?
False
Suppose -2*b + 8 + 6 = 0. Suppose b*l = 8*l - 566. Is (l + 1)*2 + 5 a prime number?
False
Let k(q) = q**2 - 17*q - 8. Let u be k(18). Suppose 4668 = -u*x + 4*x. Let a = x + 1185. Is a composite?
True
Let g(i) = -4*i**3 - 107*i**2 + 208*i + 1610. Is g(-111) prime?
True
Suppose 5*l + 2*p - 2354 = 0, l - 3*p - 460 = 2*p. Let z = -239 + l. Suppose 0 = -d - 2*h - 2*h + z, -3*h - 886 = -4*d. Is d a composite number?
False
Let p(b) = 5*b + 5. Let i be p(-5). Let d = i + 23. Suppose -2*w = d*w - 905. Is w a composite number?
False
Let j(w) = 442*w + 45. Let b be (10 - 1) + (8 - (2 + 2)). Is j(b) a prime number?
True
Let i be 1 + (-4)/5 + 13359/305. Suppose h = -i*h + 467595. Is h a composite number?
False
Let o be ((-11664)/15 - 0)/((-10)/50). Let y = o - -11795. Is y composite?
False
Suppose 3*j - j - 65 = -5*i, 59 = 2*j + 3*i. Let a = 22 + j. Suppose -s - a = -t, -3*s = -s. Is t prime?
True
Let d(b) = 3*b**3 + 22*b**2 + 12*b + 3. Let s(c) = -16*c**3 - 111*c**2 - 59*c - 17. Let l(h) = 11*d(h) + 2*s(h). Is l(-12) a prime number?
True
Suppose 8*k - 9*k + 3*f = -101, -131 = -k - 3*f. Suppose 2*b = 49 + 73. Let s = k - b. Is s composite?
True
Suppose 5*m = -5*a + 65, -4*a + 0*a + 5*m + 7 = 0. Suppose 3*z = -2*y + a, 0 = y + z - 1 - 3. Is 2 - (2 + y/((-16)/3452)) composite?
False
Let u = 39 - 35. Suppose -2*j - u*k = 2083 + 987, 2*k - 10 = 0. Let b = j - -2542. Is b a composite number?
False
Let n be -3 - (-1 - 0) - (-61551)/7. Suppose -4*c + 5*c - n = -3*a, 2*c + 10 = 0. Suppose l = 3*v - a, -4*v + l - 4900 = -9*v. Is v a prime number?
False
Suppose -g = -a + 34, -7*a - 3*g + 48 = -5*a. Let o(j) = -j**3 + 32*j**2 + 19*j + 83. Is o(a) a prime number?
False
Let v(i) = 54*i + 1973 + 13*i - 1976. Is v(16) a composite number?
False
Let w(y) = 20*y - 3 - 2*y - 48*y + 11*y**2. Let q = 92 + -86. Is w(q) composite?
True
Suppose 122*a - 180783 - 9930809 - 11377244 = 0. Is a a composite number?
True
Let m(l) = -3439*l. Let o be m(-1). Suppose -o - 16085 = -4*d. Is d a composite number?
True
Suppose -24*k + 9*k = -8*k. Suppose 5*j + q - 26000 = k, 2*j - 7766 = -2*q + 2626. Is j a prime number?
False
Suppose -19*s = -120 - 146. Is (-78710)/(-238) + 4/s a prime number?
True
Let h = -5679 + 18812. Is h composite?
True
Let c(y) = 1226*y**3 - 8*y**2 - 4*y + 49. Is c(6) a prime number?
True
Let h = 185032 + -53669. Is h a prime number?
True
Suppose 110*x - 1180152 = 74*x. Suppose 0*y = -2*y. Suppose 6*i + 12088 - x = y. Is i composite?
False
Let x(k) = -259*k + 5 - 86 + 26 + 26. Is x(-9) composite?
True
Let c be ((-12)/(-4) + -191)*(-38)/8. Suppose -c = 37*s - 33712. Is s composite?
False
Suppose -7*s - 36524 + 161662 = -5*s. Is s composite?
True
Is 4/((7 - 13) + 2) - -38484 prime?
False
Suppose 0 = 9*m - 10*m + 4949. Suppose 5603 + m = 2*r. Suppose -4*x + 8*x - r = 0. Is x prime?
True
Let n(u) = -163471*u - 1432. Is n(-5) a prime number?
True
Let d be 8712 + 6 + -5 + -2. Is 4*7/(-42) + d/3 composite?
False
Let m(w) = -w**2 + 7*w - 18. Let g be m(10). Is (g - -50)*(-97190)/(-4) a prime number?
False
Suppose y = 5*y + 192. Let d = y + 48. Suppose 4*u + 42 - 574 = d. Is u a prime number?
False
Is 930/186 + (-120484)/(-2) a prime number?
False
Let x(r) = 14*r + 5*r**2 - 83 - r**3 + 83. Let h be x(7). Suppose -16*w + 15*w + 97 = h. Is w composite?
False
Let v = -198008 + 281960. Suppose -10*n + v + 238 = 0. Is n a prime number?
True
Suppose s + 3 - 6 = -2*w, 8 = 2*s + 5*w. Is 16922/(-3)*(3/(-6) + s) composite?
False
Let v = -55030 + 81241. Let d = v - 12502. Is d prime?
True
Suppose -9*l + 524 = 479. Suppose 7092 = l*u - 18563. Is u prime?
False
Suppose 869222 = 15*w + 272567. Is w a prime number?
False
Is (((-30)/60)/((-1)/7))/(3/333534) a prime number?
False
Let p(i) = -122*i**2 + 19*i + 28. Let m be p(-8). Is 4/18 + m/(-27) + -1 prime?
True
Suppose -22*c = -197 - 1. Suppose 0 = c*i - 8*i - 4*m - 5079, -4*m = -20. Is i composite?
False
Let a = 101179 + -57218. Is a prime?
True
Let x(f) = 3094*f**2 - 1173*f - 22. Is x(15) a prime number?
True
Suppose 3*m = -3*v + 6474, 2*m + m + 5*v = 6470. Let i be (2335/20 + 9)*4. Suppose -m + i = -o. Is o a composite number?
False
Let m = -529878 + 847893. Suppose m = 7*h + 38*h. Is h prime?
False
Is 70099 + ((-1)/8 - 137/(-1096)) composite?
False
Let t(p) = p**2 + 18*p + 61. Let w be t(-13). Is (w - -5)/(13/128219) a composite number?
True
Suppose -2*y + 0*g = -2*g - 5986, 2*y - 5966 = -3*g. Suppose -3*r + y = 355. Is r prime?
False
Is (-3)/(-2)*-1 - 5202483/(-78) composite?
False
Let s(k) be the first derivative of 289*k**3/3 - 13*k**2/2 - 15*k - 111. Is s(-4) composite?
True
Let k be (10662 - 3) + -4 - -4. Suppose 14*t - 103549 + k = 0. Is t composite?
True
Let q(b) = -116 + 81*b**2 + 56 - 10*b + 69 - 4*b. Is q(-8) composite?
True
Suppose -3*j = 4*q - 103486, 0*q = 2*j + 2*q - 68988. Suppose -8*p + j = -116318. Is p a prime number?
False
Is 80499 - (-35)/(100/20) prime?
False
Let w = 38634 - 6229. Is w composite?
True
Let w(q) = 2921*q**2 + 9*q - 8. Let y = 17 + -16. Let o be w(y). Let f = 8075 - o. Is f composite?
False
Let x = -176 + 176. Suppose x*v + 72282 = 6*v. Is v a composite number?
True
Let s(p) = -4*p**3 + 10*p**2 + 6*p - 14. Let u be -2 + (-14)/(-63) + 38/(-9). Let o be s(u). Suppose 709 = a - 3*t, 3*t + 471 - o = -a. Is a a prime number?
False
Suppose -5*v - 63*m + 80 = -58*m, 0 = 5*v + m - 80. Is (-11821)/(-1) - (v - 14) composite?
True
Let j(v) = -v - 8. Let p be j(10). Let f = 116 + p. Let m = 192 - f. Is m prime?
False
Suppose -173*k + 178*k - 21194 - 6701 = 0. Is k composite?
True
Let g = 10 - 71. Let a = 30 + g. Let r = a - -37. Is r composite?
True
Let b(c) = c**3 + 80*c**2 + 47*c + 3609. Is b(-74) a prime number?
True
Is ((2/6)/((-4)/549348))/((-3)/3) a composite number?
False
Let h = 347458 - -76465. Is h a composite number?
True
Is -7 - -3 - (-5935080)/28 - (-4)/(-28) prime?
False
Let c(v) = 14984*v - 2345. Is c(21) composite?
True
Suppose -14*j + 78 = 22. Suppose -20 = 4*g + g, -j*z = -3*g - 7568. Is z a composite number?
False
Let x = 99909 + 108837. Suppose 26*t = 8*t + x. Is t a prime number?
True
Let v(x) = -6444*x - 46. Let p be v(2). Let f = -867 - p. Is f composite?
True
Let g = 67 + -407. Let n = 377 + g. Is n a composite number?
False
Let i be 407/(